538.
3526
Calculate the remainder when 4007229 is divided by 13.
5
Calculate the remainder when 218680 is divided by 108513.
1654
What is the remainder when 188351980 is divided by 1911?
1909
Calculate the remainder when 6452020 is divided by 208.
68
Calculate the remainder when 97760 is divided by 1543.
551
What is the remainder when 221908 is divided by 816?
772
What is the remainder when 6560390 is divided by 308?
298
Calculate the remainder when 17347 is divided by 16013.
1334
Calculate the remainder when 273186 is divided by 65716.
10322
Calculate the remainder when 80380 is divided by 5737.
62
What is the remainder when 146032 is divided by 2957?
1139
What is the remainder when 67070 is divided by 2310?
80
What is the remainder when 117503 is divided by 751?
347
What is the remainder when 620122 is divided by 153837?
4774
What is the remainder when 146832 is divided by 3543?
1569
Calculate the remainder when 45926 is divided by 11478.
14
Calculate the remainder when 875098 is divided by 125012.
14
Calculate the remainder when 717387 is divided by 142248.
6147
Calculate the remainder when 257131 is divided by 34.
23
What is the remainder when 1286726 is divided by 1292?
1186
Calculate the remainder when 473019 is divided by 120.
99
What is the remainder when 84163 is divided by 4207?
23
What is the remainder when 266658119 is divided by 10?
9
Calculate the remainder when 1138875 is divided by 558.
555
What is the remainder when 1066168 is divided by 771?
646
Calculate the remainder when 319838 is divided by 26642.
134
What is the remainder when 61835378 is divided by 1347?
1343
What is the remainder when 259954 is divided by 12346?
688
Calculate the remainder when 7517077 is divided by 855.
772
What is the remainder when 523272 is divided by 765?
12
What is the remainder when 348439 is divided by 576?
535
Calculate the remainder when 6067234 is divided by 25600.
34
What is the remainder when 14494170 is divided by 1114935?
15
What is the remainder when 159806 is divided by 4620?
2726
Calculate the remainder when 6245280 is divided by 33.
30
What is the remainder when 325949 is divided by 537?
527
Calculate the remainder when 1000133 is divided by 333367.
32
Calculate the remainder when 27972 is divided by 1251.
450
Calculate the remainder when 17144998 is divided by 269.
14
Calculate the remainder when 116717 is divided by 38865.
122
Calculate the remainder when 2490786 is divided by 30.
6
What is the remainder when 4330 is divided by 1708?
914
Calculate the remainder when 5322353 is divided by 415.
393
What is the remainder when 74694 is divided by 7632?
6006
What is the remainder when 495790 is divided by 197?
138
Calculate the remainder when 759298 is divided by 934.
890
Calculate the remainder when 262397076 is divided by 1646.
1632
What is the remainder when 3472278 is divided by 39?
30
What is the remainder when 53052 is divided by 827?
124
Calculate the remainder when 6718472 is divided by 1224.
1160
Calculate the remainder when 22214 is divided by 645.
284
What is the remainder when 276671 is divided by 247?
31
Calculate the remainder when 126270569 is divided by 5107.
5101
Calculate the remainder when 675612 is divided by 61396.
256
Calculate the remainder when 375620 is divided by 75121.
15
Calculate the remainder when 280726 is divided by 2280.
286
What is the remainder when 27940677 is divided by 82910?
7
Calculate the remainder when 309788 is divided by 19356.
92
What is the remainder when 134343 is divided by 1961?
995
What is the remainder when 18717 is divided by 14273?
4444
Calculate the remainder when 118721 is divided by 400.
321
Calculate the remainder when 7641410 is divided by 13.
10
What is the remainder when 157261 is divided by 139?
52
What is the remainder when 27234 is divided by 5253?
969
What is the remainder when 132989 is divided by 32050?
4789
Calculate the remainder when 13593714 is divided by 438506.
28
Calculate the remainder when 254804561 is divided by 54.
53
What is the remainder when 5413512 is divided by 191?
190
What is the remainder when 116196 is divided by 354?
84
What is the remainder when 6363141 is divided by 192816?
213
What is the remainder when 27869 is divided by 4383?
1571
Calculate the remainder when 3387753 is divided by 10173.
144
What is the remainder when 198962 is divided by 49705?
142
What is the remainder when 708810 is divided by 354156?
498
Calculate the remainder when 70222093 is divided by 15.
13
Calculate the remainder when 340695 is divided by 37851.
36
What is the remainder when 584111 is divided by 146024?
15
Calculate the remainder when 3682 is divided by 3673.
9
Calculate the remainder when 71436 is divided by 470.
466
Calculate the remainder when 1461836 is divided by 243638.
8
Calculate the remainder when 11232 is divided by 2805.
12
Calculate the remainder when 84105 is divided by 128.
9
Calculate the remainder when 11626080 is divided by 505481.
17
Calculate the remainder when 1446989 is divided by 737.
258
What is the remainder when 72869 is divided by 3309?
71
Calculate the remainder when 2713273 is divided by 13.
4
What is the remainder when 1081155 is divided by 1859?
1076
What is the remainder when 443570 is divided by 6?
2
What is the remainder when 249240 is divided by 941?
816
Calculate the remainder when 176072 is divided by 132.
116
Calculate the remainder when 54016 is divided by 10796.
36
Calculate the remainder when 16663842 is divided by 2014.
6
Calculate the remainder when 16022 is divided by 4063.
3833
Calculate the remainder when 88295 is divided by 2090.
515
What is the remainder when 65889 is divided by 13076?
509
What is the remainder when 652408 is divided by 61?
13
Calculate the remainder when 53591670 is divided by 2657.
2637
What is the remainder when 9125288 is divided by 57033?
8
Calculate the remainder when 8423115 is divided by 1203298.
29
What is the remainder when 263383 is divided by 243?
214
Calculate the remainder when 124221 is divided by 8.
5
What is the remainder when 41414 is divided by 3879?
2624
Calculate the remainder when 200260 is divided by 199705.
555
Calculate the remainder when 8519310 is divided by 16.
14
What is the remainder when 1006130 is divided by 47909?
41
Calculate the remainder when 1609292 is divided by 3760.
12
What is the remainder when 48669597 is divided by 168?
165
Calculate the remainder when 415656 is divided by 231.
87
Calculate the remainder when 9655972 is divided by 23.
20
Calculate the remainder when 4239209 is divided by 18839.
434
Calculate the remainder when 282546 is divided by 5045.
26
Calculate the remainder when 224678 is divided by 112262.
154
What is the remainder when 6380527 is divided by 14?
13
Calculate the remainder when 8635807 is divided by 66.
37
Calculate the remainder when 2302921 is divided by 286.
49
Calculate the remainder when 69249 is divided by 465.
429
What is the remainder when 1154214 is divided by 1886?
1868
What is the remainder when 1383970 is divided by 1383963?
7
What is the remainder when 112865 is divided by 56132?
601
What is the remainder when 528457437 is divided by 10?
7
Calculate the remainder when 5632836 is divided by 9952.
4
What is the remainder when 42988635 is divided by 10747156?
11
What is the remainder when 27325615 is divided by 369265?
5
What is the remainder when 527988 is divided by 2268?
1812
Calculate the remainder when 37682785 is divided by 242.
239
What is the remainder when 186167 is divided by 18541?
757
Calculate the remainder when 245302 is divided by 178.
18
Calculate the remainder when 4618705 is divided by 3606.
3025
Calculate the remainder when 90098121 is divided by 1907.
1906
What is the remainder when 8712634 is divided by 35?
14
Calculate the remainder when 427159 is divided by 21076.
5639
What is the remainder when 761807 is divided by 380883?
41
What is the remainder when 7022339 is divided by 3325?
3264
Calculate the remainder when 644753 is divided by 11722.
43
Calculate the remainder when 2116042 is divided by 2434.
896
What is the remainder when 1851181 is divided by 264430?
171
What is the remainder when 363508 is divided by 747?
466
Calculate the remainder when 807944 is divided by 7087.
26
What is the remainder when